te o(v).
6
Let a(n) = 8*n - n**3 - 3*n - 4*n**2 + 8*n**2. Let k = 1 - -2. Suppose -27 = -5*j - 0*g + g, -k*g - 6 = 0. What is a(j)?
0
Let n(j) be the second derivative of -j**3/6 + 3*j**2 + 6*j. Give n(0).
6
Let x(h) be the first derivative of 2*h**3/3 + 3*h**2/2 - 3*h + 24. Determine x(-3).
6
Let s(t) = -3*t**3 - 2*t**2 - 2*t - 1. Let i be 0 + 2 + -4 - -1. Give s(i).
2
Suppose 6*h - 2 = 5*h. Let a(k) = k**2 + 2*k - 1. Let j be a(h). Let p(g) = g + 1. What is p(j)?
8
Let o(m) = m**3 - 8*m**2 - 8*m + 8. Let l be o(9). Let b = l + -23. Let z(r) = -r**2 - 7*r - 9. What is z(b)?
-3
Let k(o) = 3*o**3 + o**2 - o + 2. Suppose 7*g + 2*g + 18 = 0. Determine k(g).
-16
Let v(c) = -5*c**2 + 17*c + 1. Let q(t) = -3*t**2 + 11*t + 1. Let l be 9/3*16/6. Let d(x) = l*q(x) - 5*v(x). Give d(-2).
1
Let v(l) be the second derivative of -1/2*l**2 + 0 - 2*l - 5/12*l**4 + 0*l**3. Let g be -1*(2*-1 - -1). Give v(g).
-6
Let w be 6/5 - 1/5. Let h be -1 + (w + 1 - 1). Let c(s) = 11*s + 2. Let x(a) = 5*a + 1. Let o(k) = 4*c(k) - 9*x(k). Determine o(h).
-1
Let v(h) = -2*h - 2. Suppose 0*k + 44 = 5*k + 4*b, -5*b = -5. Determine v(k).
-18
Let o(w) = -4*w - 2. Let n(t) = -t**3 + 9*t**2 + t - 12. Let u be n(9). Suppose m - 10 = 6*m. Let c be m - u - (0 - -3). Determine o(c).
6
Let c(i) be the second derivative of i**3/6 + i**2 - 2*i. Let m be c(-6). Let j(s) be the second derivative of -s**5/20 - s**4/3 - 2*s. Calculate j(m).
0
Let w(q) = -q - 19. Let z = -119 + 109. Give w(z).
-9
Let q(m) be the second derivative of -1/6*m**3 + 5*m + 0 - 2*m**2. Determine q(-6).
2
Let o(w) = -w**3 + w**2 - w + 1. Let s(a) = a**3 - 8*a**2 - a + 10. Let i be s(8). Calculate o(i).
-5
Let i = 5 + -2. Suppose 0 = i*f - 5*f + 6. Let m(n) = -n**2 + 3*n - 2. Give m(f).
-2
Let m be 3 + -2 + 1 + -2. Let p(j) = j**3 + j**2 + j - 1. Let s be p(m). Let i(r) = -2*r**2 - r - 1. Let u be i(s). Let l(a) = a**2 + 2*a + 2. What is l(u)?
2
Let o(h) = -5*h**3 - h**2 - h - 1. Suppose j = 6*j - 3*s - 5, -5*j + 5 = 4*s. Let b = -2 + j. Determine o(b).
4
Let f(p) = -4*p - 2 + 3*p - 11. Calculate f(-7).
-6
Suppose -15*f = -16*f. Let c(b) = -b**2 + b + 5. What is c(f)?
5
Let c(s) = 3*s**2 + 4*s + 2. Let x(g) = -8*g**2 - 12*g - 5. Let t(b) = 11*c(b) + 4*x(b). What is t(4)?
2
Let r(w) be the second derivative of -w**5/20 + 7*w**4/12 + 3*w**2/2 - 21*w. What is r(7)?
3
Let f be (9/(-3) + -1)/(-1). Suppose -2 = h + 2*u, u - 2 = -f. Let s(r) = 2*r + 1. Determine s(h).
5
Let w be 0 + 1 - 0 - 2. Let h(r) = r**2 + r + 1. Let k(p) be the third derivative of -p**6/120 - p**4/24 + 2*p**2. Let t(d) = w*k(d) - h(d). Calculate t(0).
-1
Let z(l) = l**2 + 1. Let f(p) = -5*p + 1. Let s(h) = f(h) + 2*z(h). Let m be -1 + 1 - (1 + -1). Suppose 5*c + 20 = 0, -4*d + m*d + 32 = -5*c. Calculate s(d).
6
Let q(h) = h**3 - 9*h**2 - 10*h + 2. Let d be q(10). Let r(i) = 4*i**2 + 5*i**d - 9*i**2 + 4 - i**2 - 6*i. Calculate r(-6).
4
Let o(y) = y + y + 4 - 2 + 2. Let b be (0 + -1)*3*-1. Give o(b).
10
Let u(r) = -r - 1. Let j(l) = l**2 - 3*l - 2. Let k(m) = j(m) + 4*u(m). Calculate k(7).
-6
Let o(t) = -9*t**2 + 4*t - 1. Let x(i) = -19*i**2 + 9*i - 2. Let a(r) = -13*o(r) + 6*x(r). Let l be 2*((-1)/2)/1. What is a(l)?
2
Suppose -3*j + 7*j - 8 = 0. Suppose p - 12 = -5*d, 4*p = 2*d + 3*p - 2. Let n(s) = j*s - 3 + s**d - 2*s. Give n(0).
-3
Let d(j) = -j - 1. Let f be d(0). Let q = f + 3. Let k be 1 - 1/(q/(-6)). Let x(y) = y**2 - 5*y + 5. Give x(k).
1
Let p(c) = c + 4. Let x be p(-5). Let y = x - -4. Let i(h) be the third derivative of -h**4/24 - h**3/3 + 26*h**2 + 1. Calculate i(y).
-5
Suppose -6 = 2*b, 4*w - 50 = -w + 5*b. Let x = w - 3. Let n(g) = g - 3. What is n(x)?
1
Let w(o) = 6*o**3 + 1 - 4*o**3 + 2*o**2 + 3*o - o + 4*o**3. Suppose 0 = -0*d - 7*d - 7. Determine w(d).
-5
Let k(q) = -4*q - 4 + 6*q + 6*q**2 + 3. What is k(1)?
7
Let v(g) = g**2. Let f be v(-1). Let d(t) be the third derivative of 0*t + 0 - 1/4*t**4 - 1/6*t**3 + 3*t**2. Give d(f).
-7
Let i = -3 + 10. Let t(m) = 3*m**2 - 3*m + 12. Let d(r) be the second derivative of r**4/3 - 5*r**3/6 + 9*r**2 - r. Let s(g) = i*t(g) - 5*d(g). Determine s(-5).
-1
Let w be (-3 - (2 + (-3 - 1)))*-1. Let p = 0 + 1. Let s(j) = 0*j**2 + 0*j**2 - p + 5*j**3 + 2*j. Calculate s(w).
6
Let a(j) = -3*j**2 + 0*j**2 - 3 - 2*j + 6. Let d(w) = -w - 1. Let q(l) = a(l) + d(l). Determine q(-3).
-16
Let q be (-6 - -7)*1*3. Let y(g) = g**2 - 4*g + 3. Determine y(q).
0
Suppose -2*v + 7 = 2*v - 5*k, -2*k = 4*v - 14. Let d(i) = -3*i**3 - 3*i**3 + i**2 + 5*i**v + 7*i**3. Give d(1).
7
Let y = -2 - -4. Let a(p) be the first derivative of p**4/2 - p**3/3 - p**2 - 3. Give a(y).
8
Let q(z) be the first derivative of -z**2 - 5*z - 70. Let g be ((-45)/(-3))/((-3)/2). Let w = 6 + g. Give q(w).
3
Let s(p) = p - 5. Let o be s(7). Let k(q) be the first derivative of -3 - 1/2*q**o - 4*q. Give k(4).
-8
Let v(m) be the second derivative of -m**4/12 - 2*m**3/3 + 3*m**2/2 + 24*m. Give v(-3).
6
Suppose -4*h - 8 = -12*h. Let c(k) = -7*k**2 + 1. Determine c(h).
-6
Let z(c) = -31*c**2 + 16*c**2 + 16*c**2 - 3 + 4*c. Give z(-4).
-3
Let r(z) be the second derivative of z**5/20 - 7*z**4/12 + 7*z**3/6 - 7*z**2/2 - z. Suppose 2 = b - 4. What is r(b)?
-1
Suppose 6*b - b + 20 = 0. Let v(l) = l**2 + 7*l + 6. Calculate v(b).
-6
Let k(n) be the second derivative of -n**3/3 - 5*n**2/2 - 10*n. Suppose -m = -4*o - 3*m + 4, -4*o + 3*m = 16. Let j = o - 3. Calculate k(j).
3
Let y(g) = -1. Let n(h) = h - 4. Let v(o) = -n(o) - y(o). Determine v(7).
-2
Let h(x) be the third derivative of -x**7/840 - x**6/60 - x**5/15 - x**4/6 + x**3/2 - 6*x**2. Let q(n) be the first derivative of h(n). Determine q(-5).
11
Suppose -12 = 5*d + 8. Let o(y) = 2*y**2 - 4. Let j(m) = -m**2 + m + 3. Let v(c) = 3*j(c) + 2*o(c). Calculate v(d).
5
Suppose 15*d = 12 - 72. Let f(q) = 2*q + 1. Determine f(d).
-7
Let f(v) = 12*v**2 + v. Let p(x) = x - 5*x - x - 1 + 4*x. Let r be p(0). What is f(r)?
11
Let c(y) = y**3 - y**2 + y - 5. Let j(m) = -m - 3. Suppose -5 = -4*x + 3. Let f = x - 5. Let i be j(f). Give c(i).
-5
Let d(r) = -2*r - r + 4*r. Let a be d(6). Let x be a/(-4)*(4 - 2). Let t(c) = -c**2 - 3*c + 3. Give t(x).
3
Let o(q) = 3*q**2 + q**2 - 1 - 3*q**2 - 5*q. Calculate o(5).
-1
Let h(g) = 0*g + 2*g - 1 + 12 - 4. What is h(-5)?
-3
Let c = -31 - -34. Let h(d) be the second derivative of 0 + d**2 + c*d - 1/3*d**4 - 1/20*d**5 + 1/3*d**3. Determine h(-4).
-6
Let z(d) = 2*d**2 + 10*d - 1. Let v(g) = g**2 + 9*g - 1. Suppose 5*i - 4*i - 2 = 0. Let w be (1 + 1 + 1)/(-1). Let l(c) = i*z(c) + w*v(c). What is l(5)?
-9
Let j(l) = -l**3 + l**2 - l - 1. Let f(r) = 5*r**3 - r**2 + 2*r + 5. Let b(h) = f(h) + 3*j(h). Calculate b(-2).
-4
Let i(r) = r + 1. Let x be ((-2)/(-1))/(-2*(-2)/(-12)). What is i(x)?
-5
Let h(d) = -d**3 + 4*d**2 + 4*d. Suppose 2*p + 4*n = -6, n + 4*n + 5 = -3*p. Give h(p).
-5
Let x(m) = -2*m + 5. Let o(g) = -g + 5. Let k(c) = -3*o(c) + 2*x(c). Let y(s) = s**3 + 5*s**2 + 29*s + 145. Let l be y(-5). What is k(l)?
-5
Let c(v) = -2*v**3 + v**2 + 2*v + 3. Let a(y) = 2*y**3 - 2*y**2 - 2*y - 3. Let i(u) = -2*a(u) - 3*c(u). What is i(-2)?
-11
Let g(v) = 2*v - 3. Let d(i) = -3*i + 3. Let y(o) = -3*d(o) - 4*g(o). Suppose -8 - 4 = 4*a. Calculate y(a).
0
Let i = 13 - 10. Let l(h) = 3 - i + 2 - h - 5. Let w = -6 + 11. What is l(w)?
-8
Let w(m) = m**2 + m + 1. Let a be 1/(-1*1/(-31)). Suppose 10 - a = 3*c - 5*g, -3*g + 9 = 0. Determine w(c).
3
Let x(r) be the second derivative of r**5/24 - 2*r**3/3 + r. Let t(q) be the second derivative of x(q). Determine t(-2).
-10
Let m(o) = o + 1. Let g(r) = r - 12. Let w be g(11). What is m(w)?
0
Let s be (0 - 5)/(8 + -9). Let q(v) = -v. Give q(s).
-5
Let d be (-3 - (3 + -5))*-15. Suppose -4*y = y - d. Let b(w) = 4*w**2 - 6*w**2 + 2*w - 5*w + w**3 + 1. Give b(y).
1
Let b(h) be the first derivative of h**7/420 + h**6/180 - h**5/120 + h**4/24 + h**3 - 3. Let v(x) be the third derivative of b(x). Give v(-2).
-5
Let u(c) = 3*c - 2. Suppose -5*k + 1 + 9 = 0. Suppose 5*t = -4*h - 3, 2*h = k*t - 1 + 13. Determine u(h).
7
Let c = -7 - -3. Let n = 6 + c. Let r(q) = q**3 + 1. Let y(g) = -3*g**3 + 3*g**2 - 2. Let f(b) = 2*r(b) + y(b). Calculate f(n).
4
Let g(d) be the second derivative of 5*d**3/6 - d**2 + 8*d. Give g(-3).
-17
Let m(u) = 29*u + 1 - 27*u - 20*u. Calcula